240. What is the tens digit of p?
6
Suppose -11 = -6*n + 1. What is the tens digit of 3/n*(-104)/(-6)?
2
Let x(n) = -3*n**3 - 3*n - 7 + 2*n**3 - 2*n**3 + 7*n**2 + 4*n**3. What is the tens digit of x(-7)?
1
Suppose u + 3 = -2. Let s(m) = -m**3 - 6*m**2 - 8*m - 6. What is the units digit of s(u)?
9
Let y be ((-24)/15)/((-2)/15). Suppose -4*b = -a - 5*b + 12, 4*b + y = a. What is the units digit of a?
2
Suppose 85 = q + 4*q. What is the tens digit of q?
1
Suppose 9 + 58 = 2*f + y, 5*f - 4*y = 135. What is the tens digit of f?
3
Let q be 7 + 1*(-4 - -3). Suppose -t - 2 = -q. What is the units digit of t?
4
Suppose 4*t - l + 2*l = 24, 4*l = t - 6. Let c(x) = -x**2 - 2*x + 4. Let p be c(-4). Let d = p + t. What is the units digit of d?
2
Suppose 3*m - 18 = -5*h + 2*h, 0 = -h + 3*m - 2. Suppose 0*j = -j + 8. Suppose 0 = h*x + x - r - 34, 0 = x + r - j. What is the units digit of x?
7
Let n(f) = 7*f**2 - 19*f + 13. What is the tens digit of n(8)?
0
Suppose -74 = -2*q + 2*s + 174, -3*q = 3*s - 402. What is the units digit of q?
9
Let p = -295 + 503. What is the tens digit of p?
0
Let a(r) = r**2 + 9*r + 11. Let k be a(-8). Suppose 0 = 3*s + 2*s + 3*z + 13, k*s = -z - 7. What is the units digit of (s - 1)*-3 - 1?
8
Suppose -z - 8 - 38 = 0. Let y = -26 - z. What is the tens digit of y?
2
Suppose -21*c + 29*c - 1648 = 0. What is the hundreds digit of c?
2
Let n(q) = 6*q - 5 + 1 - q**2 + 3*q - 1. Let m = 6 - 2. What is the tens digit of n(m)?
1
Let x = -6 - -7. What is the units digit of x?
1
Let l be (-16)/12*(-2 - 1). Suppose 6 = -2*s - 0*s, l*s = -4*h + 40. What is the tens digit of h?
1
Let t be (12/(-7))/((-12)/(-126)). Let q = 37 + t. What is the units digit of q?
9
Suppose 232 = 2*f + 2*f. What is the tens digit of f?
5
Suppose -5*i + 0 = 5. Suppose 5*h - 2*h = -12. Let y = i - h. What is the units digit of y?
3
Let w(z) = z**3 + 4*z**2 - 6*z - 2. Let d be w(-5). Suppose -u + 2*m - 3 = 20, -92 = 4*u + 3*m. What is the units digit of 0 + (1 - u)/d?
8
Let x(f) = f**3 + f**2 - 2*f + 1. Let n be x(1). What is the tens digit of 11/(3 - 2) - n?
1
Let f(i) = -100*i - 6. Let d be f(-5). What is the tens digit of 12/(-30) - d/(-10)?
4
Let l = 15 + -8. Let h(u) = u**2 - 4*u - 8. What is the tens digit of h(l)?
1
Let s(w) = -18*w**3. Let c(p) = -p**3 + 6*p**2 - 1. Let f be c(6). What is the tens digit of s(f)?
1
Suppose -w = 5*p, 0*w + 2*w = -2*p. Let i = 15 - 7. Suppose 3*b - 21 = -3*h - w*b, -2*b = h - i. What is the units digit of h?
6
What is the hundreds digit of 2/(-3)*(-480 - (6 - -3))?
3
Let j(o) = -10*o - 12. What is the tens digit of j(-7)?
5
Let c(h) = 5*h + 11 + 3*h**2 + 5 - 13. What is the tens digit of c(-3)?
1
Let h(x) = x**3 + 5*x**2 - 3*x - 4. Let i(y) = y**3 + y - 5. Suppose 0 = -4*b + 2*o - 2, 4*b - 6 + 3 = -3*o. Let q be i(b). What is the units digit of h(q)?
1
Let u(l) = l - 5. Suppose i = 3*w + 13 - 4, -3*i - 5*w + 27 = 0. What is the units digit of u(i)?
4
Suppose 4*y - 3*y - 5 = 0. Suppose -2*v - 5*j - 13 = -y, -4*v = -4*j - 12. What is the units digit of (1 - 0)*v + 2?
3
Let y be -2 + 1 + (1 - 0). Suppose 16 = -c + 5*c. Suppose 0 = k - y - c. What is the units digit of k?
4
Let g(v) = -20*v**2 - 16*v - 39. Let p(d) = 7*d**2 + 5*d + 13. Let m(k) = 6*g(k) + 17*p(k). What is the units digit of m(-9)?
5
What is the hundreds digit of (-16313)/(-99) - 4/(-18)?
1
Let h be 3*3/(-1 + -2). Let r be 14/h*(-3)/2. Let l(q) = q - 4. What is the units digit of l(r)?
3
Suppose -3*w = 4*l - 127, -8*w + 5*w + 137 = 2*l. What is the units digit of w?
9
Suppose 5*i = -w - 21, -7 = 3*i - 2*w + 4*w. Let s = i + 8. Suppose -2*k - 3*y = -k - 31, -68 = -s*k - 4*y. What is the units digit of k?
6
Let l = -2 - -11. Suppose 0 = z - 5 - l. What is the tens digit of 4/z - (-290)/14?
2
Let k(p) = -p - 4. Let j be k(-5). Let o be 0 + j - (0 + 1). Suppose o*d = 3*d - 33. What is the tens digit of d?
1
Suppose 6 = -4*s + s. Let r = 3 + s. Suppose 3*i = -r + 22. What is the units digit of i?
7
Suppose 3*s - 10 - 17 = 0. Suppose -8 = 5*n + 3*k, -2*k + 24 = -n + 3*k. Let x = s + n. What is the units digit of x?
5
Suppose 60 + 0 = -4*p. What is the tens digit of (-350)/p - (-4)/6?
2
Suppose -13*p = -12*p - 43. What is the tens digit of p?
4
Let o(x) = 11*x**3 - x**2 + 5*x - 4. What is the units digit of o(2)?
0
Let n(g) = g - 2. Let p be n(4). Suppose p*u = u + 10. Suppose -3*z - 4*r = -28, 0 = -3*z + 2*z - 2*r + u. What is the units digit of z?
8
Suppose 4*u - 2*c - 132 = 2*c, -c + 2 = 0. What is the units digit of u?
5
Suppose 7603 = 16*d + 2899. What is the tens digit of d?
9
Suppose a - 10 = 6*a. Let x = a - 0. What is the units digit of 24/(-2)*1/x?
6
Suppose 0 = -5*p + 9*p - 148. What is the units digit of p?
7
Let r(h) = -3*h + 1. Let t be r(1). Let v = 10 - 11. What is the tens digit of 11 + (v - (1 + t))?
1
Suppose -o + 2772 = 8*o. What is the tens digit of o?
0
What is the tens digit of (-202)/(-5) + 18/30?
4
Suppose 0 = 4*q - 2*q. Suppose q = -3*r + 3*i - 5 + 26, 5*r = -2*i + 49. What is the units digit of r?
9
Let h be -6*((-2)/(-6) + -1). Suppose 3*s = -3, -3*s = -h*j - 0*s - 69. Let y = j + 30. What is the units digit of y?
2
Let t = 113 + -77. What is the tens digit of t?
3
Let f(m) = m**3 - 3*m**2 - m. Let r be f(6). What is the tens digit of r/10 + 2/(-10)?
1
Let x(g) = g**3 + 4*g**2 + g - 3. Let i be x(-3). Let t be 15/5 - (-4 - 1). Suppose t = 5*j - i*j. What is the units digit of j?
4
Let j(m) = 21*m - 9. Let l be j(4). Suppose l - 5 = 2*n. What is the tens digit of n?
3
Suppose -h + 3*g = 4*h - 18, 5*g - 4 = -3*h. Suppose 68 = h*m - 25. What is the tens digit of m?
3
Suppose 13*d = 11*d + 232. What is the hundreds digit of d?
1
Let o(t) = -15*t - 8. Let j(c) = -c**2 + 4*c - 7. Let x be j(3). What is the units digit of o(x)?
2
What is the tens digit of 280 - ((-6)/(-5))/((-4)/(-10))?
7
Suppose 3878 = 8*y + 1622. What is the units digit of y?
2
What is the units digit of 198*((-4)/(-8))/1?
9
Let w(s) be the first derivative of -s**4/4 + 2*s**3/3 + 3*s**2/2 + s - 1. Let i be w(3). Let z = i - -9. What is the units digit of z?
0
Let z = 106 + -34. Suppose -6*d = -9*d + z. What is the tens digit of d?
2
Suppose 0 = -3*n + 27 + 6. What is the units digit of n?
1
Suppose -7*l + 36 = -3*l. Let v be ((-13)/(-39))/(1/(-3)). Let h = l - v. What is the tens digit of h?
1
Let z = 76 + -36. What is the tens digit of z?
4
Let r(z) = -z**2 - 4*z. Let f(i) = 2*i**2 + 6*i + 2. Let o(n) = -n**2 - n. Let s(x) = f(x) + o(x). Let k be s(-4). What is the units digit of r(k)?
4
Suppose 117 - 37 = 4*f - 2*b, -2*b + 8 = 0. What is the tens digit of f?
2
Let t be ((-4)/(-8))/(2/(-72)). What is the units digit of (-12)/t + (-49)/(-3)?
7
Let o = 38 + -11. Suppose 5*r - 3*r - 6 = 0. Suppose -r*c - g = -27, 3*g = 4*c + 4 - o. What is the units digit of c?
8
Suppose 153 = 12*x - 11*x. What is the units digit of x?
3
Suppose 4*b + b - 5 = 0. Let s be b*(0 + -1)*6. What is the units digit of (2 - -1)*(-2)/s?
1
Let z(b) = b**2 + 4*b - 1. Let f be z(-3). Let h(q) = -q**3 + 4*q - 1. What is the tens digit of h(f)?
4
Suppose 5*m + 208 + 122 = 0. What is the units digit of m/3*(-1)/2?
1
Let j(x) = x**2 + 5*x + 2. What is the units digit of j(-5)?
2
Suppose 4*t + 12 = 4*h, h = 3*h - 4*t + 4. Let y = 4 + h. What is the tens digit of y?
1
Let r be -6*(14/6 - -2). Let m be 2 + 2 - (-4 + 54). Let g = r - m. What is the tens digit of g?
2
Let g(m) = -m**3 + 9*m**2 - m + 13. Let p be g(9). What is the units digit of (-2)/p - 123/(-6)?
0
What is the units digit of (8216/(-39))/(4/(-6))?
6
Suppose 5*j + m + 14 = 0, m + 12 = -5*j - 2*m. Let r(t) = -3*t**3 - 4*t**2 - 2. What is the tens digit of r(j)?
4
What is the units digit of 1*12*2/4?
6
Let b(r) = r - 3. Let o(v) = -5*v + 6. Let i(a) = 6*a - 6. Let u(s) = -3*i(s) - 4*o(s). Let l(d) = 5*b(d) - 2*u(d). What is the units digit of l(4)?
1
Let s be 2 + 1/(-1) - 1. Let m(y) = y - 2. Let c be m(1). Let a = s - c. What is the units digit of a?
1
Suppose s + 149 = 2*l, -s - 2 = -3*s. What is the tens digit of l?
7
Let m = -7 + 11. Suppose m*c - 12 = -0. What is the units digit of c?
3
Let v = -25 - 5. Let r be 1/(3 + -2) + 44. Let k = r + v. What is the units digit of k?
5
Let x(c) be the third derivative of -1/3*c**3 + 0 + 0*c - 2*c**2 + 1/24*c**4. 